{"id":341,"date":"2015-09-30T08:56:13","date_gmt":"2015-09-30T08:56:13","guid":{"rendered":"http:\/\/gitelabellevue.fr\/?page_id=341"},"modified":"2016-01-13T21:21:13","modified_gmt":"2016-01-13T21:21:13","slug":"plan-du-gite","status":"publish","type":"page","link":"https:\/\/gitelabellevue.fr\/?page_id=341","title":{"rendered":"Plan du g\u00eete"},"content":{"rendered":"<p style=\"text-align: center;\"><a href=\"http:\/\/christophedubois.fr\/WordPress\/wp-content\/uploads\/2016\/01\/plan-gite.png\"><img loading=\"lazy\" decoding=\"async\" class=\"alignnone size-full wp-image-500\" src=\"http:\/\/christophedubois.fr\/WordPress\/wp-content\/uploads\/2016\/01\/plan-gite.png\" alt=\"plan-gite\" width=\"364\" height=\"771\" \/><\/a><\/p>\n<p style=\"text-align: center;\">SDB : Salle de bain\u00a0 &#8211; BV : baie vitr\u00e9e &#8211; PF: Porte fen\u00eatre &#8211; F : Fen\u00eatre &#8211;\u00a0 P : Porte<\/p>\n<p style=\"text-align: center;\">&#8211; L : Lavabo \u00a0-BZ : canap\u00e9 convertible en lit 2 places<\/p>\n<p style=\"text-align: center;\">\n","protected":false},"excerpt":{"rendered":"<p>SDB : Salle de bain\u00a0 &#8211; BV : baie vitr\u00e9e &#8211; PF: Porte fen\u00eatre &#8211; F : Fen\u00eatre &#8211;\u00a0 P : Porte &#8211; L : Lavabo \u00a0-BZ : canap\u00e9 convertible en lit 2 places<\/p>\n","protected":false},"author":1,"featured_media":0,"parent":0,"menu_order":0,"comment_status":"closed","ping_status":"open","template":"","meta":{"footnotes":""},"class_list":["post-341","page","type-page","status-publish","hentry","entry"],"_links":{"self":[{"href":"https:\/\/gitelabellevue.fr\/index.php?rest_route=\/wp\/v2\/pages\/341","targetHints":{"allow":["GET"]}}],"collection":[{"href":"https:\/\/gitelabellevue.fr\/index.php?rest_route=\/wp\/v2\/pages"}],"about":[{"href":"https:\/\/gitelabellevue.fr\/index.php?rest_route=\/wp\/v2\/types\/page"}],"author":[{"embeddable":true,"href":"https:\/\/gitelabellevue.fr\/index.php?rest_route=\/wp\/v2\/users\/1"}],"replies":[{"embeddable":true,"href":"https:\/\/gitelabellevue.fr\/index.php?rest_route=%2Fwp%2Fv2%2Fcomments&post=341"}],"version-history":[{"count":5,"href":"https:\/\/gitelabellevue.fr\/index.php?rest_route=\/wp\/v2\/pages\/341\/revisions"}],"predecessor-version":[{"id":504,"href":"https:\/\/gitelabellevue.fr\/index.php?rest_route=\/wp\/v2\/pages\/341\/revisions\/504"}],"wp:attachment":[{"href":"https:\/\/gitelabellevue.fr\/index.php?rest_route=%2Fwp%2Fv2%2Fmedia&parent=341"}],"curies":[{"name":"wp","href":"https:\/\/api.w.org\/{rel}","templated":true}]}}