{"id":243,"date":"2015-08-20T19:44:28","date_gmt":"2015-08-20T19:44:28","guid":{"rendered":"http:\/\/gitelabellevue.fr\/?page_id=243"},"modified":"2015-11-14T09:00:30","modified_gmt":"2015-11-14T09:00:30","slug":"visite-virtuelle-du-gite","status":"publish","type":"page","link":"https:\/\/gitelabellevue.fr\/?page_id=243","title":{"rendered":"Visite virtuelle du g\u00eete"},"content":{"rendered":"<h1 style=\"text-align: center;\"><span style=\"color: #99ccff;\"><em>Visite virtuelle du g\u00eete<\/em><\/span><\/h1>\n<p style=\"text-align: center;\"><span style=\"color: #333333;\"><em>Vous pouvez vous d\u00e9placer\u00a0 en utilisant les fl\u00e8ches jaunes en bas de l&rsquo;image.<br \/>\nPour sortir d&rsquo;une pi\u00e8ce, cliquez sur la fl\u00e8che verte ou cliquez sur le bouton jaune : \u00ab\u00a0diaporama suivant\u00a0\u00bb en bas de l&rsquo;image.<br \/>\nBonne visite!<\/em><\/span><\/p>\n<p><iframe loading=\"lazy\" src=\"http:\/\/christophedubois.fr\/WordPress\/visitevirtuelle\" width=\"100%\" height=\"600px\"><\/iframe><\/p>\n<p><script>\n  (function(i,s,o,g,r,a,m){i['GoogleAnalyticsObject']=r;i[r]=i[r]||function(){\n  (i[r].q=i[r].q||[]).push(arguments)},i[r].l=1*new Date();a=s.createElement(o),\n  m=s.getElementsByTagName(o)[0];a.async=1;a.src=g;m.parentNode.insertBefore(a,m)\n  })(window,document,'script','\/\/www.google-analytics.com\/analytics.js','ga');<\/p>\n<p>  ga('create', 'UA-67531472-1', 'auto');\n  ga('send', 'pageview');<\/p>\n<p><\/script><\/p>\n","protected":false},"excerpt":{"rendered":"<p>Visite virtuelle du g\u00eete Vous pouvez vous d\u00e9placer\u00a0 en utilisant les fl\u00e8ches jaunes en bas de l&rsquo;image. Pour sortir d&rsquo;une pi\u00e8ce, cliquez sur la fl\u00e8che verte ou cliquez sur le bouton jaune : \u00ab\u00a0diaporama suivant\u00a0\u00bb en bas de l&rsquo;image. Bonne visite!<\/p>\n","protected":false},"author":1,"featured_media":0,"parent":0,"menu_order":0,"comment_status":"closed","ping_status":"open","template":"","meta":{"footnotes":""},"class_list":["post-243","page","type-page","status-publish","hentry","entry"],"_links":{"self":[{"href":"https:\/\/gitelabellevue.fr\/index.php?rest_route=\/wp\/v2\/pages\/243","targetHints":{"allow":["GET"]}}],"collection":[{"href":"https:\/\/gitelabellevue.fr\/index.php?rest_route=\/wp\/v2\/pages"}],"about":[{"href":"https:\/\/gitelabellevue.fr\/index.php?rest_route=\/wp\/v2\/types\/page"}],"author":[{"embeddable":true,"href":"https:\/\/gitelabellevue.fr\/index.php?rest_route=\/wp\/v2\/users\/1"}],"replies":[{"embeddable":true,"href":"https:\/\/gitelabellevue.fr\/index.php?rest_route=%2Fwp%2Fv2%2Fcomments&post=243"}],"version-history":[{"count":2,"href":"https:\/\/gitelabellevue.fr\/index.php?rest_route=\/wp\/v2\/pages\/243\/revisions"}],"predecessor-version":[{"id":304,"href":"https:\/\/gitelabellevue.fr\/index.php?rest_route=\/wp\/v2\/pages\/243\/revisions\/304"}],"wp:attachment":[{"href":"https:\/\/gitelabellevue.fr\/index.php?rest_route=%2Fwp%2Fv2%2Fmedia&parent=243"}],"curies":[{"name":"wp","href":"https:\/\/api.w.org\/{rel}","templated":true}]}}