{"id":20,"date":"2015-02-27T09:57:56","date_gmt":"2015-02-27T09:57:56","guid":{"rendered":"http:\/\/christophedubois.fr\/WordPress\/?page_id=20"},"modified":"2015-11-14T16:42:51","modified_gmt":"2015-11-14T16:42:51","slug":"a-visiter-pres-du-gite","status":"publish","type":"page","link":"https:\/\/gitelabellevue.fr\/?page_id=20","title":{"rendered":"Activit\u00e9s proches du g\u00eete"},"content":{"rendered":"<p style=\"text-align: left;\"><span style=\"font-family: helvetica, arial, sans-serif;\">La r\u00e9gion de Saint-Omer, \u00ab\u00a0l&rsquo;Audomarois\u00a0\u00bb, est le premier marais mara\u00eecher de France. C&rsquo;est aussi un site naturel national avec\u00a0\u00a0<a href=\"http:\/\/www.parc-opale.fr\/marais2.asp?rub=1\" target=\"_blank\">la r\u00e9serve du Romelao\u00ebre<\/a>. Pour visiter le marais, rien de tel qu&rsquo;une ballade en barque, en cano\u00eb ou \u00a0en v\u00e9lo, au d\u00e9part de Clairmarais ou de Salperwick.<\/span><\/p>\n<p style=\"text-align: left;\"><span style=\"font-family: helvetica, arial, sans-serif;\">Si vous d\u00e9sirez des d\u00e9couvertes insolites, vous pourrez visiter\u00a0<a href=\"http:\/\/www.ville-arques.fr\/index.php\/menu-tourisme\/menu-sites-tour\/menu-abf\" target=\"_blank\">un ascenseur \u00e0\u00a0bateaux \u00e0 Arques<\/a>. La vall\u00e8e de l&rsquo;Aa se d\u00e9couvre aussi gr\u00e2ce \u00e0 un <a href=\"http:\/\/www.ville-arques.fr\/index.php\/menu-tourisme\/menu-sites-tour\/menu-ttva\">train touristique<\/a> (entra\u00een\u00e9 par une ancienne locomotive\u00a0\u00e0 vapeur).<\/span><\/p>\n<p style=\"text-align: left;\"><span style=\"font-family: helvetica, arial, sans-serif;\">Pour mettre la main \u00e0 la p\u00e2te, vous\u00a0apprendrez tout \u00a0du <a href=\"http:\/\/www.parc-opale.fr\/patrimoine31.asp\" target=\"_blank\">papier en visitant sa maison<\/a>, et avant de boire le verre de l&rsquo;amiti\u00e9,\u00a0vous pourrez savoir comment il est fabriqu\u00e9 en visitant <a href=\"http:\/\/www.visiteverreriearc.com\/\" target=\"_blank\">Arc international<\/a>. Notre r\u00e9gion est donc pleine d&rsquo;\u00e9nergie, et vous pourrez appendre comment celle-ci\u00a0devient renouvelable en visitant <a href=\"http:\/\/www.enerlya.fr\/\" target=\"_blank\">la maison des \u00e9nergies renouvelables \u00e0 Fauquembergues.<\/a><\/span><\/p>\n<p style=\"text-align: left;\"><span style=\"font-family: helvetica, arial, sans-serif;\">L&rsquo;Audomarois\u00a0est \u00e9galement une terre riche en patrimoine historique, notamment sur la seconde guerre mondiale. \u00c0\u00a0 quelques minutes de route vous pourrez ainsi visiter la <a href=\"http:\/\/www.lacoupole-france.com\/le-centre-dhistoire\/presentation\/introduction.html\" target=\"_blank\">Coupole d&rsquo;H\u00e9lfaut<\/a>, \u00a0et le <a href=\"http:\/\/www.leblockhaus.com\/fr\/\" target=\"_blank\">blockhaus d&rsquo;Eperlecques.<\/a>\u00a0Ces deux sites sont tr\u00e8s impressionnants\u00a0par leurs dimensions car ils ont \u00e9t\u00e9 con\u00e7us pour\u00a0r\u00e9sister aux bombardements intensifs de\u00a0l&rsquo;aviation alli\u00e9e. En effet, les Nazis y\u00a0fabriquaient\u00a0\u00a0et y lan\u00e7aient les fameux V1 et V2, premiers\u00a0missiles \u00a0balistiques op\u00e9rationnels, v\u00e9ritables \u00ab\u00a0prototypes\u00a0\u00bb des premiers\u00a0lanceurs de l&rsquo;\u00e8re spatiale, qui auraient pu changer le cours de la guerre.<\/span><\/p>\n<p style=\"text-align: left;\"><span style=\"font-family: helvetica, arial, sans-serif;\">Pour vous amuser en famille, <a href=\"http:\/\/www.rando-rail.com\/\" target=\"_blank\">le rando-rail<\/a>, et <a href=\"http:\/\/www.dennlys-parc.com\/\" target=\"_blank\">Dennlys Parc\u00a0<\/a>\u00a0feront le bonheur des petits comme des grands.<\/span><\/p>\n<p style=\"text-align: left;\"><span style=\"font-family: helvetica, arial, sans-serif;\">Enfin pour les sportifs, vous pourrez vous exercer au\u00a0tennis et au golf \u00e0 Lumbres, sans compter les multiples <a href=\"http:\/\/www.parc-opale.fr\/bibliotheque\/GUIDE_RANDO_2009.pdf\" target=\"_blank\">parcours de randonn\u00e9e<\/a> qui vous attendent.<\/span><\/p>\n<p style=\"text-align: center;\">[wowslider id=\u00a0\u00bb21&Prime;]<img loading=\"lazy\" decoding=\"async\" class=\"alignnone size-full wp-image-387\" src=\"http:\/\/christophedubois.fr\/WordPress\/wp-content\/uploads\/2015\/10\/carte.png\" alt=\"carte\" width=\"951\" height=\"713\" \/><\/p>\n<p><script>\/\/ <![CDATA[\n(function(i,s,o,g,r,a,m){i['GoogleAnalyticsObject']=r;i[r]=i[r]||function(){ (i[r].q=i[r].q||[]).push(arguments)},i[r].l=1*new Date();a=s.createElement(o), m=s.getElementsByTagName(o)[0];a.async=1;a.src=g;m.parentNode.insertBefore(a,m) })(window,document,'script','\/\/www.google-analytics.com\/analytics.js','ga'); ga('create', 'UA-67531472-1', 'auto'); ga('send', 'pageview');\n\/\/ ]]><\/script><\/p>\n","protected":false},"excerpt":{"rendered":"<p>La r\u00e9gion de Saint-Omer, \u00ab\u00a0l&rsquo;Audomarois\u00a0\u00bb, est le premier marais mara\u00eecher de France. C&rsquo;est aussi un site naturel national avec\u00a0\u00a0la r\u00e9serve du Romelao\u00ebre. Pour visiter le marais, rien de tel qu&rsquo;une ballade en barque, en cano\u00eb ou \u00a0en v\u00e9lo, au d\u00e9part de Clairmarais ou de Salperwick. Si vous d\u00e9sirez des d\u00e9couvertes insolites, vous pourrez visiter\u00a0un ascenseur [&hellip;]<\/p>\n","protected":false},"author":1,"featured_media":0,"parent":0,"menu_order":0,"comment_status":"closed","ping_status":"closed","template":"","meta":{"footnotes":""},"class_list":["post-20","page","type-page","status-publish","hentry","entry"],"_links":{"self":[{"href":"https:\/\/gitelabellevue.fr\/index.php?rest_route=\/wp\/v2\/pages\/20","targetHints":{"allow":["GET"]}}],"collection":[{"href":"https:\/\/gitelabellevue.fr\/index.php?rest_route=\/wp\/v2\/pages"}],"about":[{"href":"https:\/\/gitelabellevue.fr\/index.php?rest_route=\/wp\/v2\/types\/page"}],"author":[{"embeddable":true,"href":"https:\/\/gitelabellevue.fr\/index.php?rest_route=\/wp\/v2\/users\/1"}],"replies":[{"embeddable":true,"href":"https:\/\/gitelabellevue.fr\/index.php?rest_route=%2Fwp%2Fv2%2Fcomments&post=20"}],"version-history":[{"count":27,"href":"https:\/\/gitelabellevue.fr\/index.php?rest_route=\/wp\/v2\/pages\/20\/revisions"}],"predecessor-version":[{"id":464,"href":"https:\/\/gitelabellevue.fr\/index.php?rest_route=\/wp\/v2\/pages\/20\/revisions\/464"}],"wp:attachment":[{"href":"https:\/\/gitelabellevue.fr\/index.php?rest_route=%2Fwp%2Fv2%2Fmedia&parent=20"}],"curies":[{"name":"wp","href":"https:\/\/api.w.org\/{rel}","templated":true}]}}